t of r?
9
Let n be (-15)/25 - 366/15. Let a = n + 38. What is the tens digit of a?
1
Let a = -6 + 2. Let i = 16 + a. What is the tens digit of i?
1
Suppose i - 5*i = 5*h - 5, -4*h = -2*i - 30. Let y(m) = 2*m**2 - 7*m + 1. What is the tens digit of y(h)?
1
Let g = 105 + -68. What is the units digit of g?
7
Let i = -36 + 25. Let q = i - -16. Let w = q - 4. What is the units digit of w?
1
What is the units digit of 15*(8/12)/2?
5
Let a = 1 + 0. Let m be (-2)/(-4)*a*8. Let l = -3 + m. What is the units digit of l?
1
Let c = 48 - 16. What is the units digit of c?
2
Suppose 3*j + 50 - 155 = 0. What is the units digit of j?
5
Suppose 0 = -4*x + x - 12. Let t(c) be the third derivative of -c**5/60 - c**4/6 + 2*c**3/3 - c**2. What is the units digit of t(x)?
4
Let n = 7 + -7. What is the tens digit of (n - 58)*6/(-12)?
2
What is the hundreds digit of 317*3/9 - 2/3?
1
Suppose -5*b + 2*b = -5*h - 96, -15 = 5*h. What is the units digit of b?
7
Suppose 3*w + 65 = 5*d - 97, 0 = -d + 3*w + 30. What is the units digit of d?
3
Suppose -7*h = -3*h. Suppose 5*l - 7*l + 10 = h. Suppose -l*n + 4 = -41. What is the units digit of n?
9
Let o be (-90)/(-21) - 4/14. What is the units digit of (5/o)/(4/32)?
0
Let d = -22 + 156. What is the units digit of d?
4
Suppose -4*f = 12, 5*f = -4*c + 5 + 20. What is the tens digit of ((-8)/c)/((-2)/25)?
1
Suppose z + 0*q + q = 218, -4*q = 0. What is the hundreds digit of z?
2
Let m = -14 - -27. What is the units digit of m?
3
Let q(r) = -r**2 + 3*r + 1. Let k be q(-2). Let j = k + 20. What is the tens digit of j?
1
Suppose -3*a - 19 = 35. Let j = a + 47. What is the tens digit of j?
2
Let z = 18 - 1. What is the units digit of z?
7
Let y(a) = -a + 1. Let k be y(-3). Suppose k*q + 3 = 47. What is the units digit of q?
1
Let r(n) = -n**2 + 6*n. Let q be r(3). Let t be (10/15)/((-2)/q). Let d = t - -15. What is the units digit of d?
2
Let s(g) = -g**3 + 3*g**2 + 4*g - 4. Let l be s(4). Let r = l + 7. What is the units digit of r?
3
Let i(d) = -d - 5. Suppose 13 - 1 = 3*q. Suppose q*g = -22 - 6. What is the units digit of i(g)?
2
Let n = 15 + -19. What is the tens digit of (212/n)/(4 - 5)?
5
Let a(s) = 30*s**3 - s**2 + s. Let d be a(1). Suppose 60 = 4*l + p, l + l - d = 2*p. Let v = l + -5. What is the units digit of v?
0
Let l = 9 + -7. What is the units digit of 29/(-3)*(l + -5)?
9
Suppose 20 = -2*n - 4*d + 7*d, d = 4*n + 20. Let m = n + 9. Suppose 5*v - 2*g - 39 = 0, 10 - 55 = -5*v + m*g. What is the units digit of v?
7
Let s = -14 - -26. What is the units digit of s?
2
Suppose -4*x = p + 4, -3*x + 0*x - 3*p = 12. Let c(n) = n**3 + n**2 - 2*n**3 + 56 - 20 - 30. What is the units digit of c(x)?
6
Let o(s) be the second derivative of -2*s**3/3 + s**2/2 - 2*s. Let p be o(-1). Suppose p*f - m + 6*m = 20, -16 = -4*f + 4*m. What is the units digit of f?
4
Let a(w) = -w**3 - w**2 + 3*w + 3. Let v be (-10 - 0/(-2))/(-1). Suppose 3*n + 5*p + 14 = n, 0 = -5*p - v. What is the units digit of a(n)?
1
Let y = -4 + 7. What is the units digit of (y + 0)*(-20)/(-6)?
0
Suppose b - 40 = 3*v, -2*v + 3*b = 37 - 15. Let q = v - -24. Let u(t) = -t**2 + 10*t + 7. What is the units digit of u(q)?
7
Let p(w) = w + 2*w - 2*w - 2. Let j be p(4). Suppose -3*v - 8 = -j*d, 2 = d + 5*v - 2. What is the units digit of d?
4
Suppose i + 4*x - 40 = -3*i, 2 = 3*i - 4*x. Let b = 1 + 1. Suppose -j - b = -i. What is the units digit of j?
4
What is the units digit of (11/(231/14))/(2/255)?
5
Suppose -2*w = -w + 8. Let v = w + 11. What is the units digit of v?
3
Let m = 71 + -34. What is the tens digit of m?
3
Let v(z) = 2*z**2 + z + 2. Let r(b) = -3*b + 3. Let s be r(2). What is the tens digit of v(s)?
1
What is the units digit of 85 - (-1 - 2/(-1)) - -1?
5
Let h(r) = 2*r + 2. Let t be h(-2). Let w(d) be the second derivative of -2*d**3/3 - 3*d**2/2 - 6*d. What is the units digit of w(t)?
5
Let b(a) = a**3 + 3*a**2 - 5*a + 1. Let k be b(-4). What is the tens digit of k*((-108)/15)/(-2)?
1
Let u(c) = c**2 + 7*c + 3*c - c. Let p be u(-4). Let g = -12 - p. What is the units digit of g?
8
Suppose -n + 3*s = 4, 3*n + 4*s - 53 = -0*s. What is the units digit of n?
1
Let i(q) = -q**2 + q + 107. What is the units digit of i(0)?
7
Suppose -2*s + 4*j - 26 = -3*s, -5*s = -2*j - 108. Suppose -106 = -4*i - s. What is the units digit of i?
1
Suppose -373 = -5*g - p, 2*p - 4*p - 379 = -5*g. What is the units digit of g?
5
Let h = -20 - -10. Let p = h + 30. What is the tens digit of p?
2
Suppose g = -3 + 1. Let p = g - -4. Suppose -p*c = 4*u - 16, -u - 3 = -4*u. What is the units digit of c?
6
Let w(o) = 6*o - 2. Let k be w(2). Let j = -19 + k. Let i = 16 + j. What is the units digit of i?
7
Let u = 15 - 10. What is the tens digit of 43 + (2 - (u + -1))?
4
Let b(l) = -l**2 - 9*l - 4. Let c be b(-6). Suppose 0 = -4*x + c + 6. Suppose 75 = x*a - 0*a + 5*s, -5*a + 54 = -2*s. What is the tens digit of a?
1
What is the units digit of (-36)/(-108) - 478/(-6)*1?
0
Suppose -c + 230 = 4*g, -g + 66 = -5*c + c. What is the tens digit of g?
5
Let g be 1 - (1 + -1)/1. Let y(l) = l - 5. Let u be y(8). Let v = g + u. What is the units digit of v?
4
Let s = -7 + 9. Suppose -4*r + r - 2*c = -111, -2*r - s*c + 76 = 0. What is the units digit of r?
5
Let r be (9 + 1)*4/(-10). What is the tens digit of r + (41 - -3) - 3?
3
Let z = -43 - -19. Let v = -9 - z. What is the tens digit of v?
1
Suppose 8*o + 0*o - 1568 = 0. What is the hundreds digit of o?
1
Suppose 3*s - s + 8 = 0, 4*i = 3*s + 596. What is the tens digit of i?
4
Suppose -s + 2*s = 1. Suppose -4*h - 8 = -2*p, 5*h + 5*p - s = 4. What is the tens digit of h*(5 + -2) - -16?
1
What is the tens digit of (((-37191)/(-14))/(-11))/((-3)/4)?
2
Let c(p) = -p**3 + 6*p**2 - 4*p - 4. What is the units digit of c(5)?
1
Let s(w) = -w**3 + 3*w**2 - 1. Let i be s(2). Suppose -y - 20 = i*y, -2*q + 5*y = -29. What is the units digit of q?
2
Suppose -15*t = -11*t - 280. What is the tens digit of t?
7
Let j(g) = g**2 + 3*g - 1. Let a be j(-7). Suppose 0*d + 5*o + 21 = 2*d, 5*o + a = 4*d. What is the units digit of d?
3
Suppose -14*c + 7*c + 21 = 0. Let u = -3 - -5. Suppose -u*n - c*n + 105 = 0. What is the units digit of n?
1
What is the units digit of 7*(-3)/(-63) - (-334)/6?
6
Let c(i) be the third derivative of -i**5/60 - 17*i**4/24 - 13*i**3/6 + 8*i**2. What is the units digit of c(-12)?
7
What is the tens digit of -4 - 2 - (-321 - -3)?
1
Suppose 4*w + 3*z - 4 = 0, -2*w = -0*w + 2*z. Let t be 1*26*2/w. Let q = t + -2. What is the tens digit of q?
1
Let y(z) = -10*z**3 - 2*z**2 - 2*z - 1. What is the units digit of y(-1)?
9
Let p = 85 + -58. Suppose -4*k - 5*x = -p - 8, -2*k + x + 21 = 0. Suppose 2*g - 2*q = 20, -q = -3*g - 6*q - k. What is the units digit of g?
5
Let b = -22 - -50. Let l = b + 26. What is the units digit of l?
4
Let m = 129 - 90. What is the tens digit of m?
3
Let t(v) = v**3 + 4*v**2 - 5*v + 5. Let x(h) = -h**2 - 5*h + 1. Let p be x(-6). What is the units digit of t(p)?
5
Let i(k) be the first derivative of 2*k**3/3 - 4*k**2 + 8*k + 5. What is the units digit of i(6)?
2
Let i be ((-3)/6)/(2/4). Let h(x) = -2*x**3. Let j be h(i). Suppose j*d - 35 + 11 = 0. What is the tens digit of d?
1
Suppose 4*k - b - 10 = -0*b, -2*b + 2 = 3*k. Suppose -12 = k*r - 3*r. What is the tens digit of r?
1
Let i(q) = q**3 - q - 1. Let s(f) = -5*f**3 - f**2 + 2*f + 2. Let n(x) = 3*i(x) + s(x). What is the units digit of n(-2)?
3
Let d(u) be the first derivative of u**4/12 - u**3/6 + 3*u**2/2 + u - 3. Let x(i) be the first derivative of d(i). What is the units digit of x(3)?
9
What is the units digit of -1 + (52 + -1)/3?
6
Let b = 5 + -7. Let f = b + 8. What is the units digit of f?
6
Let l = 208 + -67. What is the units digit of l?
1
Let b(m) = -m - 2. Let v be b(4). Let u be 6/(3/v - -2). Let l = u + -1. What is the units digit of l?
3
Suppose -10*q - 2 = -102. What is the tens digit of q?
1
Let d(g) = g**2 + g - 7. Let n = 7 - 13. What is the units digit of d(n)?
3
Let d = 66 - 45. Suppose -2*t + d = -3. What is the tens digit of t?
1
What is the units digit of 78/2*(-24)/(-9)?
4
Suppose 3*c = o + o + 149, 0 = o - 2*c + 76. Let r = 98 + o. What is the units digit of r?
8
Let n(g) = g**2 + g - 2. What is the tens digit of n(5)?
2
Let y(l) = 15*l**3 - l**2 + 2*